4
-15a8
1122011 (base 3) to base 15
547
3322133 (base 4) to base 7
64511
What is 230 (base 9) in base 13?
117
-71454 (base 9) to base 13
-18538
-27f (base 16) to base 14
-339
What is 5264 (base 8) in base 14?
dda
Convert 35400 (base 8) to base 11.
10391
-597 (base 11) to base 3
-222100
What is 102104 (base 5) in base 11?
2615
Convert -2404 (base 5) to base 16.
-162
-23653 (base 8) to base 10
-10155
What is 3400 (base 5) in base 6?
2111
234 (base 9) to base 10
193
-2342 (base 13) to base 8
-11533
156a (base 14) to base 8
7352
Convert -783 (base 15) to base 6.
-11510
What is 273 (base 14) in base 10?
493
152b (base 12) to base 10
2483
73 (base 13) to base 5
334
20123011 (base 4) to base 2
1000011011000101
Convert 1973 (base 16) to base 9.
8838
Convert 3144 (base 6) to base 7.
2035
What is -111213 (base 4) in base 8?
-2547
What is -12b (base 14) in base 2?
-11101011
Convert 2728 (base 9) to base 12.
122b
Convert -111 (base 6) to base 4.
-223
Convert 20121310 (base 4) to base 10.
34420
Convert -7b2c (base 13) to base 9.
-25625
What is -248 (base 13) in base 6?
-1502
-1011020 (base 3) to base 4
-31023
What is -35668 (base 9) in base 14?
-89b6
Convert 144 (base 13) to base 15.
100
-111501 (base 6) to base 12
-5591
11200 (base 4) to base 3
111001
Convert 18b (base 13) to base 2.
100011100
2120111 (base 3) to base 2
11101010100
What is -332 (base 7) in base 16?
-aa
cb (base 15) to base 8
277
Convert -2a7 (base 14) to base 9.
-658
220004 (base 6) to base 13
8350
-1 (base 16) to base 2
-1
101000 (base 2) to base 13
31
-38d (base 15) to base 11
-675
Convert 2616 (base 7) to base 6.
4333
What is 52a (base 13) in base 15?
3db
8591 (base 11) to base 3
120120111
-22341 (base 5) to base 14
-820
What is 155 (base 12) in base 8?
321
Convert -100014 (base 5) to base 2.
-110000111110
What is 134244 (base 7) in base 2?
110001110101000
-13231 (base 4) to base 5
-3433
Convert ac95 (base 14) to base 9.
45037
Convert -e02 (base 15) to base 8.
-6120
What is -1202222122 (base 3) in base 11?
-24312
What is -2301 (base 5) in base 8?
-506
What is -b (base 13) in base 4?
-23
What is 23415 (base 6) in base 8?
6503
What is -61c1 (base 13) in base 12?
-7998
What is -7ce5 (base 15) in base 11?
-18a38
Convert 51007 (base 10) to base 6.
1032051
-403431 (base 5) to base 6
-140051
12111120 (base 3) to base 10
4011
Convert -10203222 (base 4) to base 16.
-48ea
3a839 (base 11) to base 12
29857
Convert -13000 (base 4) to base 11.
-378
14598 (base 11) to base 12
bb71
Convert -37347 (base 8) to base 10.
-16103
Convert -431 (base 12) to base 2.
-1001100101
Convert 1202 (base 16) to base 9.
6282
-16191 (base 10) to base 13
-74a6
Convert 328 (base 13) to base 3.
202001
-858 (base 15) to base 14
-987
7f (base 16) to base 8
177
Convert 10102 (base 5) to base 13.
3b2
Convert -110101000000 (base 2) to base 3.
-11122122
What is 2037 (base 9) in base 12?
a44
Convert 55 (base 10) to base 9.
61
1000 (base 8) to base 4
20000
-1244 (base 10) to base 4
-103130
-5031 (base 11) to base 6
-50545
Convert 100001001110011 (base 2) to base 15.
5091
Convert 19f (base 16) to base 4.
12133
Convert -486 (base 15) to base 10.
-1026
Convert -36d0 (base 14) to base 7.
-36650
What is 11142 (base 6) in base 12?
ab2
-11266 (base 12) to base 13
-a512
Convert 7 (base 12) to base 11.
7
What is -157ba (base 12) in base 9?
-45777
What is -8a97 (base 12) in base 11?
-10611
What is -3010 (base 8) in base 6?
-11052
334 (base 15) to base 6
3204
194 (base 14) to base 5
2301
-3000 (base 5) to base 14
-1cb
-1211100 (base 3) to base 8
-2464
-170 (base 14) to base 7
-600
What is -3340330 (base 5) in base 7?
-333355
Convert 41 (base 12) to base 2.
110001
What is -1764 (base 16) in base 10?
-5988
c3 (base 16) to base 8
303
Convert 22573 (base 8) to base 10.
9595
What is -545a (base 15) in base 12?
-a404
Convert -2201 (base 8) to base 3.
-1120201
Convert -457 (base 14) to base 15.
-3c6
What is 150 (base 8) in base 2?
1101000
-2000000020 (base 3) to base 11
-27643
What is -22012 (base 3) in base 13?
-140
1021100002 (base 3) to base 9
37302
What is -248c (base 14) in base 7?
-24435
-5668 (base 12) to base 13
-4493
4ab (base 13) to base 16
331
Convert -1000111111110000 (base 2) to base 8.
-107760
What is -2269 (base 13) in base 7?
-20023
What is -654 (base 9) in base 8?
-1027
Convert 10001010000111 (base 2) to base 6.
104531
Convert -37503 (base 10) to base 15.
-b1a3
What is -23 (base 7) in base 14?
-13
-1941 (base 14) to base 16
-11d5
-425 (base 13) to base 6
-3135
10100121 (base 3) to base 13
1162
What is 103040 (base 7) in base 14?
6720
110113 (base 4) to base 12
907
123 (base 12) to base 6
443
What is 2a0 (base 15) in base 10?
600
-405422 (base 6) to base 3
-1122100212
What is -1222010 (base 3) in base 11?
-1094
Convert 1624 (base 7) to base 12.
467
-10001111001 (base 2) to base 12
-7b5
Convert -4a5 (base 12) to base 4.
-22331
Convert -1022122 (base 3) to base 2.
-1111000010
1000011110000011 (base 2) to base 14
c8dd
74b8 (base 12) to base 14
4952
What is 536 (base 7) in base 8?
420
What is -a1c4 (base 16) in base 15?
-c40c
1001011 (base 2) to base 8
113
Convert -282 (base 10) to base 15.
-13c
What is 3552 (base 6) in base 13?
512
Convert -212212102 (base 3) to base 6.
-212315
Convert -1611 (base 11) to base 14.
-a7b
-1211011 (base 5) to base 12
-1111b
-982 (base 14) to base 5
-30003
3055 (base 6) to base 7
1664
What is 32351 (base 9) in base 3?
1002101201
What is -178 (base 10) in base 6?
-454
-15144 (base 8) to base 6
-51140
What is 14d32 (base 15) in base 2?
10000011000011001
201111101 (base 3) to base 15
4327
Convert -5134 (base 8) to base 14.
-d76
What is -173e (base 15) in base 13?
-2384
-4d8 (base 14) to base 16
-3ce
What is 111000101010 (base 2) in base 7?
13400
Convert -1382 (base 13) to base 16.
-afa
What is 601 (base 8) in base 6?
1441
5947 (base 12) to base 4
2130013
Convert 129a (base 13) to base 2.
101001100110
Convert -114 (base 9) to base 6.
-234
-8ac (base 14) to base 6
-11544
Convert 2a6 (base 13) to base 6.
2110
241055 (base 7) to base 13
16acc
What is -322 (base 13) in base 3?
-201211
What is 788 (base 16) in base 11?
14a3
Convert -376 (base 13) to base 10.
-604
Convert -1756 (base 14) to base 10.
-4192
Convert 2300 (base 5) to base 12.
231
c32 (base 13) to base 11
1611
-3460 (base 14) to base 4
-2032030
What is -1213021 (base 4) in base 6?
-50321
Convert 2d20 (base 14) to base 4.
1332000
2101 (base 11) to base 6
20520
-15541 (base 6) to base 4
-220111
-2377 (base 16) to base 7
-35320
4c0 (base 14) to base 15
437
What is 19895 (base 10) in base 11?
13a47
10423 (base 5) to base 11
611
What is 597 (base 13) in base 10?
969
-121001 (base 3) to base 5
-3213
What is -10044 (base 11) in base 9?
-22131
Convert -61 (base 15) to base 13.
-70
Convert 44020 (base 9) to base 10.
29178
2412 (base 5) to base 12
259
-661 (base 13) to base 10
-1093
What is 3782 (base 13) in base 2?
1111011001000
Convert -118c3 (base 14) to base 15.
-ca9e
c50 (base 15) to base 9
3723
Convert 253001 (base 6) to base 12.
11161
Convert 1210320 (base 4) to base 6.
45520
5a4 (base 14) to base 2
10001100100
What is -1122012122 (base 3) in base 11?
-22239
-6a83 (base 13) to base 6
-153203
20111 (base 5) to base 10
1281
Convert -40c7 (base 15) to base 2.
-11010101110111
What is 6aa (base 13) in base 10?
1154
Convert -99 (base 13) to base 10.
-126
What is -112201 (base 3) in base 7?
-1105
What is -33 (base 15) in base 5?
-143
Convert 203204 (base 5) to base 9.
10141
What is -45b0 (base 12) in base 6?
-55540
What is 77da (base 14) in base 9?
31440
-1330 (base 10) to base 2
-10100110010
Convert 50577 (base 11) to base 8.
220246
What is -28c (base 13) in base 2?
-111000110
What is -5464 (base 9) in base 16?
-fbb
Convert 2767 (base 10) to base 3.
10210111
What is -7014 (base 9) in base 13?
-2437
-1822 (base 15) to base 12
-301b
Convert -255 (base 7) to base 10.
-138
3485 (base 11) to base 12
278a
Convert 100111110000 (base 2) to base 13.
1209
What is -21333 (base 4) in base 16?
-27f
What is -1000101101 (base 2) in base 11?
-467
1153 (base 7) to base 10
430
Convert -555 (base 10) to base 3.
-202120
-111112220 (base 3) to base 4
-2122113
What is -16462 (base 7) in base 10?
-4699
What is b69 (base 15) in base 8?
5016
Convert 2948 (base 10) to base 14.
1108
Co